{"id":10480,"date":"2021-11-07T17:38:08","date_gmt":"2021-11-07T16:38:08","guid":{"rendered":"https:\/\/nmshohenau.ac.at\/?page_id=10480"},"modified":"2026-03-26T16:32:36","modified_gmt":"2026-03-26T15:32:36","slug":"schulfuehrungen","status":"publish","type":"page","link":"https:\/\/nmshohenau.ac.at\/?page_id=10480","title":{"rendered":"Schulf\u00fchrungen"},"content":{"rendered":"<p><strong><span style=\"font-family: arial, helvetica, sans-serif;\">Wir bieten f\u00fcr interessierte Familien <span style=\"color: #ff6600;\">Schulf\u00fchrungen<\/span> an.<br \/>\nDabei erfahren Sie Wissenswertes \u00fcber den Unterricht in unserer Schule.<br \/>\n<\/span><span style=\"font-family: arial, helvetica, sans-serif;\">Wir begr\u00fc\u00dfen Sie im Eingangsbereich der Schule, informieren Sie, beantworten Fragen und gehen gemeinsam durch die R\u00e4ume.<\/span><\/strong><\/p>\n<p><strong><span style=\"font-family: arial, helvetica, sans-serif;\">Termine wieder im Herbst 2026!<\/span><\/strong><\/p>\n<p><span style=\"font-family: arial, helvetica, sans-serif;\"><b>Wir freuen uns darauf, Sie und Ihr Kind bei uns zu begr\u00fc\u00dfen!<\/b><\/span><\/p>\n<p>&nbsp;<\/p>\n","protected":false},"excerpt":{"rendered":"<p>Wir bieten f\u00fcr interessierte Familien Schulf\u00fchrungen an. Dabei erfahren Sie Wissenswertes \u00fcber den Unterricht in unserer Schule. Wir begr\u00fc\u00dfen Sie im Eingangsbereich der Schule, informieren Sie, beantworten Fragen und gehen gemeinsam durch die R\u00e4ume. Termine wieder im Herbst 2026! Wir<\/p>\n","protected":false},"author":8,"featured_media":0,"parent":0,"menu_order":0,"comment_status":"closed","ping_status":"closed","template":"","meta":{"ngg_post_thumbnail":0,"footnotes":""},"class_list":["post-10480","page","type-page","status-publish","hentry"],"_links":{"self":[{"href":"https:\/\/nmshohenau.ac.at\/index.php?rest_route=\/wp\/v2\/pages\/10480","targetHints":{"allow":["GET"]}}],"collection":[{"href":"https:\/\/nmshohenau.ac.at\/index.php?rest_route=\/wp\/v2\/pages"}],"about":[{"href":"https:\/\/nmshohenau.ac.at\/index.php?rest_route=\/wp\/v2\/types\/page"}],"author":[{"embeddable":true,"href":"https:\/\/nmshohenau.ac.at\/index.php?rest_route=\/wp\/v2\/users\/8"}],"replies":[{"embeddable":true,"href":"https:\/\/nmshohenau.ac.at\/index.php?rest_route=%2Fwp%2Fv2%2Fcomments&post=10480"}],"version-history":[{"count":15,"href":"https:\/\/nmshohenau.ac.at\/index.php?rest_route=\/wp\/v2\/pages\/10480\/revisions"}],"predecessor-version":[{"id":11737,"href":"https:\/\/nmshohenau.ac.at\/index.php?rest_route=\/wp\/v2\/pages\/10480\/revisions\/11737"}],"wp:attachment":[{"href":"https:\/\/nmshohenau.ac.at\/index.php?rest_route=%2Fwp%2Fv2%2Fmedia&parent=10480"}],"curies":[{"name":"wp","href":"https:\/\/api.w.org\/{rel}","templated":true}]}}